{"id":76,"date":"2015-01-29T13:02:56","date_gmt":"2015-01-29T12:02:56","guid":{"rendered":"http:\/\/wordpress.liederkranz-ehningen.de\/?page_id=76"},"modified":"2015-09-03T06:49:35","modified_gmt":"2015-09-03T05:49:35","slug":"2015-2","status":"publish","type":"page","link":"https:\/\/www.liederkranz-ehningen.de\/?page_id=76","title":{"rendered":"Fotos 2014"},"content":{"rendered":"<p>Bilder des Jahres 2014<\/p>\n<p><div class=\"ngg-albumoverview default-view\">\n\t\t\t<div class=\"ngg-album-compact\">\n\t\t\t<div class=\"ngg-album-compactbox\">\n\t\t\t\t<div class=\"ngg-album-link\">\n\t\t\t\t\t\t\t\t\t\t\t\t\t\t\t\t<a title='Neujahrswanderung_14'\n                       href='https:\/\/www.liederkranz-ehningen.de\/index.php\/nggallery\/album-2014\/2014-01_neujahrswanderung?page_id=76'>\n\t\t\t\t\t\t\t<img class=\"Thumb\"\n\t\t\t\t\t\t\t\talt=\"Neujahrswanderung_14\"\n\t\t\t\t\t\t\t\tsrc=\"https:\/\/www.liederkranz-ehningen.de\/wp-content\/gallery\/2014-01_neujahrswanderung\/cache\/2014-01-04_Neujahrswanderung_1.JPG-nggid03362-ngg0dyn-91x68-00f0w010c011r110f110r010t010.JPG\"\/>\n\t\t\t\t\t\t<\/a>\n\t\t\t\t\t\t\t\t\t\t\t\t\t\t<\/div>\n\t\t\t<\/div>\n\t\t\t\t\t\t<h4>\n\t\t\t\t<a class='ngg-album-desc' \n\t\t\t\ttitle='Neujahrswanderung_14'\n                       href='https:\/\/www.liederkranz-ehningen.de\/index.php\/nggallery\/album-2014\/2014-01_neujahrswanderung?page_id=76'style=\"max-width: 111px\"\t\t\t\t>Neujahrswanderung_14<\/a>\n\t\t\t<\/h4>\n\t\t\t<p class=\"ngg-album-gallery-image-counter\">\n\t\t\t\t\t\t\t\t\t<strong>8<\/strong>&nbsp;Fotos\t\t\t\t\t\t\t<\/p>\n\t\t<\/div>\n\t\t\t<div class=\"ngg-album-compact\">\n\t\t\t<div class=\"ngg-album-compactbox\">\n\t\t\t\t<div class=\"ngg-album-link\">\n\t\t\t\t\t\t\t\t\t\t\t\t\t\t\t\t<a title='CHORios- und TAKTVOLL-Auftritt beim TSV-Jubil\u00e4umsabend'\n                       href='https:\/\/www.liederkranz-ehningen.de\/index.php\/nggallery\/album-2014\/2014-04-chorios-und-taktvoll-auftritt-beim-tsv-jubilaeumsabend?page_id=76'>\n\t\t\t\t\t\t\t<img class=\"Thumb\"\n\t\t\t\t\t\t\t\talt=\"CHORios- und TAKTVOLL-Auftritt beim TSV-Jubil\u00e4umsabend\"\n\t\t\t\t\t\t\t\tsrc=\"https:\/\/www.liederkranz-ehningen.de\/wp-content\/gallery\/2014-04-chorios-und-taktvoll-auftritt-beim-tsv-jubilaeumsabend\/cache\/2014-04-05_TSV-Ehrungsabend_1.JPG-nggid03333-ngg0dyn-91x68-00f0w010c011r110f110r010t010.JPG\"\/>\n\t\t\t\t\t\t<\/a>\n\t\t\t\t\t\t\t\t\t\t\t\t\t\t<\/div>\n\t\t\t<\/div>\n\t\t\t\t\t\t<h4>\n\t\t\t\t<a class='ngg-album-desc' \n\t\t\t\ttitle='CHORios- und TAKTVOLL-Auftritt beim TSV-Jubil\u00e4umsabend'\n                       href='https:\/\/www.liederkranz-ehningen.de\/index.php\/nggallery\/album-2014\/2014-04-chorios-und-taktvoll-auftritt-beim-tsv-jubilaeumsabend?page_id=76'style=\"max-width: 111px\"\t\t\t\t>CHORios- und TAKTVOLL-Auftritt beim TSV-Jubil\u00e4umsabend<\/a>\n\t\t\t<\/h4>\n\t\t\t<p class=\"ngg-album-gallery-image-counter\">\n\t\t\t\t\t\t\t\t\t<strong>1<\/strong>&nbsp;Fotos\t\t\t\t\t\t\t<\/p>\n\t\t<\/div>\n\t\t\t<div class=\"ngg-album-compact\">\n\t\t\t<div class=\"ngg-album-compactbox\">\n\t\t\t\t<div class=\"ngg-album-link\">\n\t\t\t\t\t\t\t\t\t\t\t\t\t\t\t\t<a title='CHORios Ausflug nach Frankfurt und in den Spessart'\n                       href='https:\/\/www.liederkranz-ehningen.de\/index.php\/nggallery\/album-2014\/2014-06_chorios-ausflug-nach-frankfurt-und-in-den-spessart?page_id=76'>\n\t\t\t\t\t\t\t<img class=\"Thumb\"\n\t\t\t\t\t\t\t\talt=\"CHORios Ausflug nach Frankfurt und in den Spessart\"\n\t\t\t\t\t\t\t\tsrc=\"https:\/\/www.liederkranz-ehningen.de\/wp-content\/gallery\/2014-06_chorios-ausflug-nach-frankfurt-und-in-den-spessart\/cache\/2014-05-18_Chorios-Ausflug_Spessart_1.jpg-nggid03334-ngg0dyn-91x68-00f0w010c011r110f110r010t010.jpg\"\/>\n\t\t\t\t\t\t<\/a>\n\t\t\t\t\t\t\t\t\t\t\t\t\t\t<\/div>\n\t\t\t<\/div>\n\t\t\t\t\t\t<h4>\n\t\t\t\t<a class='ngg-album-desc' \n\t\t\t\ttitle='CHORios Ausflug nach Frankfurt und in den Spessart'\n                       href='https:\/\/www.liederkranz-ehningen.de\/index.php\/nggallery\/album-2014\/2014-06_chorios-ausflug-nach-frankfurt-und-in-den-spessart?page_id=76'style=\"max-width: 111px\"\t\t\t\t>CHORios Ausflug nach Frankfurt und in den Spessart<\/a>\n\t\t\t<\/h4>\n\t\t\t<p class=\"ngg-album-gallery-image-counter\">\n\t\t\t\t\t\t\t\t\t<strong>28<\/strong>&nbsp;Fotos\t\t\t\t\t\t\t<\/p>\n\t\t<\/div>\n\t\t\t<div class=\"ngg-album-compact\">\n\t\t\t<div class=\"ngg-album-compactbox\">\n\t\t\t\t<div class=\"ngg-album-link\">\n\t\t\t\t\t\t\t\t\t\t\t\t\t\t\t\t<a title='Maibaumstellen_14'\n                       href='https:\/\/www.liederkranz-ehningen.de\/index.php\/nggallery\/album-2014\/2014-05-maibaumstellen?page_id=76'>\n\t\t\t\t\t\t\t<img class=\"Thumb\"\n\t\t\t\t\t\t\t\talt=\"Maibaumstellen_14\"\n\t\t\t\t\t\t\t\tsrc=\"https:\/\/www.liederkranz-ehningen.de\/wp-content\/gallery\/2014-05-maibaumstellen\/cache\/2014-05-01_Maibaumstellen_1.jpg-nggid03290-ngg0dyn-91x68-00f0w010c011r110f110r010t010.jpg\"\/>\n\t\t\t\t\t\t<\/a>\n\t\t\t\t\t\t\t\t\t\t\t\t\t\t<\/div>\n\t\t\t<\/div>\n\t\t\t\t\t\t<h4>\n\t\t\t\t<a class='ngg-album-desc' \n\t\t\t\ttitle='Maibaumstellen_14'\n                       href='https:\/\/www.liederkranz-ehningen.de\/index.php\/nggallery\/album-2014\/2014-05-maibaumstellen?page_id=76'style=\"max-width: 111px\"\t\t\t\t>Maibaumstellen_14<\/a>\n\t\t\t<\/h4>\n\t\t\t<p class=\"ngg-album-gallery-image-counter\">\n\t\t\t\t\t\t\t\t\t<strong>15<\/strong>&nbsp;Fotos\t\t\t\t\t\t\t<\/p>\n\t\t<\/div>\n\t\t\t<div class=\"ngg-album-compact\">\n\t\t\t<div class=\"ngg-album-compactbox\">\n\t\t\t\t<div class=\"ngg-album-link\">\n\t\t\t\t\t\t\t\t\t\t\t\t\t\t\t\t<a title='10-j\u00e4hriges Chorleiter-Jubil\u00e4um von Clemens K\u00f6nig'\n                       href='https:\/\/www.liederkranz-ehningen.de\/index.php\/nggallery\/album-2014\/2014-05-10-jaehriges-chorleiter-jubilaeum-von-clemens-koenig?page_id=76'>\n\t\t\t\t\t\t\t<img class=\"Thumb\"\n\t\t\t\t\t\t\t\talt=\"10-j\u00e4hriges Chorleiter-Jubil\u00e4um von Clemens K\u00f6nig\"\n\t\t\t\t\t\t\t\tsrc=\"https:\/\/www.liederkranz-ehningen.de\/wp-content\/gallery\/2014-05-10-jaehriges-chorleiter-jubilaeum-von-clemens-koenig\/cache\/2014-05-08_Chorleiterjubil%C3%A4um_1.jpg-nggid03321-ngg0dyn-91x68-00f0w010c011r110f110r010t010.jpg\"\/>\n\t\t\t\t\t\t<\/a>\n\t\t\t\t\t\t\t\t\t\t\t\t\t\t<\/div>\n\t\t\t<\/div>\n\t\t\t\t\t\t<h4>\n\t\t\t\t<a class='ngg-album-desc' \n\t\t\t\ttitle='10-j\u00e4hriges Chorleiter-Jubil\u00e4um von Clemens K\u00f6nig'\n                       href='https:\/\/www.liederkranz-ehningen.de\/index.php\/nggallery\/album-2014\/2014-05-10-jaehriges-chorleiter-jubilaeum-von-clemens-koenig?page_id=76'style=\"max-width: 111px\"\t\t\t\t>10-j\u00e4hriges Chorleiter-Jubil\u00e4um von Clemens K\u00f6nig<\/a>\n\t\t\t<\/h4>\n\t\t\t<p class=\"ngg-album-gallery-image-counter\">\n\t\t\t\t\t\t\t\t\t<strong>12<\/strong>&nbsp;Fotos\t\t\t\t\t\t\t<\/p>\n\t\t<\/div>\n\t\t\t<div class=\"ngg-album-compact\">\n\t\t\t<div class=\"ngg-album-compactbox\">\n\t\t\t\t<div class=\"ngg-album-link\">\n\t\t\t\t\t\t\t\t\t\t\t\t\t\t\t\t<a title=' Frauen-Ausflug ins Allg\u00e4u'\n                       href='https:\/\/www.liederkranz-ehningen.de\/index.php\/nggallery\/album-2014\/2014-05-frauen-ausflug-ins-allgaeu?page_id=76'>\n\t\t\t\t\t\t\t<img class=\"Thumb\"\n\t\t\t\t\t\t\t\talt=\" Frauen-Ausflug ins Allg\u00e4u\"\n\t\t\t\t\t\t\t\tsrc=\"https:\/\/www.liederkranz-ehningen.de\/wp-content\/gallery\/2014-05-frauen-ausflug-ins-allgaeu\/cache\/2015-05-08_Frauenausflug-Allg%C3%A4u_1.JPG-nggid03305-ngg0dyn-91x68-00f0w010c011r110f110r010t010.JPG\"\/>\n\t\t\t\t\t\t<\/a>\n\t\t\t\t\t\t\t\t\t\t\t\t\t\t<\/div>\n\t\t\t<\/div>\n\t\t\t\t\t\t<h4>\n\t\t\t\t<a class='ngg-album-desc' \n\t\t\t\ttitle=' Frauen-Ausflug ins Allg\u00e4u'\n                       href='https:\/\/www.liederkranz-ehningen.de\/index.php\/nggallery\/album-2014\/2014-05-frauen-ausflug-ins-allgaeu?page_id=76'style=\"max-width: 111px\"\t\t\t\t> Frauen-Ausflug ins Allg\u00e4u<\/a>\n\t\t\t<\/h4>\n\t\t\t<p class=\"ngg-album-gallery-image-counter\">\n\t\t\t\t\t\t\t\t\t<strong>16<\/strong>&nbsp;Fotos\t\t\t\t\t\t\t<\/p>\n\t\t<\/div>\n\t\t\t<div class=\"ngg-album-compact\">\n\t\t\t<div class=\"ngg-album-compactbox\">\n\t\t\t\t<div class=\"ngg-album-link\">\n\t\t\t\t\t\t\t\t\t\t\t\t\t\t\t\t<a title='TAKTVOLL Auftritt beim Open Sound-Festival in Schw\u00e4bisch Gm\u00fcnd'\n                       href='https:\/\/www.liederkranz-ehningen.de\/index.php\/nggallery\/album-2014\/2014-06-taktvoll-auftritt-beim-open-sound-festival-in-schwaebisch-gmuend?page_id=76'>\n\t\t\t\t\t\t\t<img class=\"Thumb\"\n\t\t\t\t\t\t\t\talt=\"TAKTVOLL Auftritt beim Open Sound-Festival in Schw\u00e4bisch Gm\u00fcnd\"\n\t\t\t\t\t\t\t\tsrc=\"https:\/\/www.liederkranz-ehningen.de\/wp-content\/gallery\/2014-06-taktvoll-auftritt-beim-open-sound-festival-in-schwaebisch-gmuend\/cache\/2014-07-05_TV-Open-Sound_Schw.Gm%C3%BCnd_1.JPG-nggid03282-ngg0dyn-91x68-00f0w010c011r110f110r010t010.JPG\"\/>\n\t\t\t\t\t\t<\/a>\n\t\t\t\t\t\t\t\t\t\t\t\t\t\t<\/div>\n\t\t\t<\/div>\n\t\t\t\t\t\t<h4>\n\t\t\t\t<a class='ngg-album-desc' \n\t\t\t\ttitle='TAKTVOLL Auftritt beim Open Sound-Festival in Schw\u00e4bisch Gm\u00fcnd'\n                       href='https:\/\/www.liederkranz-ehningen.de\/index.php\/nggallery\/album-2014\/2014-06-taktvoll-auftritt-beim-open-sound-festival-in-schwaebisch-gmuend?page_id=76'style=\"max-width: 111px\"\t\t\t\t>TAKTVOLL Auftritt beim Open Sound-Festival in Schw\u00e4bisch Gm\u00fcnd<\/a>\n\t\t\t<\/h4>\n\t\t\t<p class=\"ngg-album-gallery-image-counter\">\n\t\t\t\t\t\t\t\t\t<strong>8<\/strong>&nbsp;Fotos\t\t\t\t\t\t\t<\/p>\n\t\t<\/div>\n\t\t\t<div class=\"ngg-album-compact\">\n\t\t\t<div class=\"ngg-album-compactbox\">\n\t\t\t\t<div class=\"ngg-album-link\">\n\t\t\t\t\t\t\t\t\t\t\t\t\t\t\t\t<a title='TAKTVOLL Ausflug an den Kaiserstuhl'\n                       href='https:\/\/www.liederkranz-ehningen.de\/index.php\/nggallery\/album-2014\/2014-06-taktvoll-ausflug-an-den-kaiserstuhl?page_id=76'>\n\t\t\t\t\t\t\t<img class=\"Thumb\"\n\t\t\t\t\t\t\t\talt=\"TAKTVOLL Ausflug an den Kaiserstuhl\"\n\t\t\t\t\t\t\t\tsrc=\"https:\/\/www.liederkranz-ehningen.de\/wp-content\/gallery\/2014-06-taktvoll-ausflug-an-den-kaiserstuhl\/cache\/2014-06-28_TV-Ausflug-Kaiserstuhl_1.JPG-nggid03258-ngg0dyn-91x68-00f0w010c011r110f110r010t010.JPG\"\/>\n\t\t\t\t\t\t<\/a>\n\t\t\t\t\t\t\t\t\t\t\t\t\t\t<\/div>\n\t\t\t<\/div>\n\t\t\t\t\t\t<h4>\n\t\t\t\t<a class='ngg-album-desc' \n\t\t\t\ttitle='TAKTVOLL Ausflug an den Kaiserstuhl'\n                       href='https:\/\/www.liederkranz-ehningen.de\/index.php\/nggallery\/album-2014\/2014-06-taktvoll-ausflug-an-den-kaiserstuhl?page_id=76'style=\"max-width: 111px\"\t\t\t\t>TAKTVOLL Ausflug an den Kaiserstuhl<\/a>\n\t\t\t<\/h4>\n\t\t\t<p class=\"ngg-album-gallery-image-counter\">\n\t\t\t\t\t\t\t\t\t<strong>24<\/strong>&nbsp;Fotos\t\t\t\t\t\t\t<\/p>\n\t\t<\/div>\n\t\t\t<div class=\"ngg-album-compact\">\n\t\t\t<div class=\"ngg-album-compactbox\">\n\t\t\t\t<div class=\"ngg-album-link\">\n\t\t\t\t\t\t\t\t\t\t\t\t\t\t\t\t<a title='Auftritt bei der langen Nacht des GHV'\n                       href='https:\/\/www.liederkranz-ehningen.de\/index.php\/nggallery\/album-2014\/2014-07-auftritt-bei-der-langen-nacht-des-ghv?page_id=76'>\n\t\t\t\t\t\t\t<img class=\"Thumb\"\n\t\t\t\t\t\t\t\talt=\"Auftritt bei der langen Nacht des GHV\"\n\t\t\t\t\t\t\t\tsrc=\"https:\/\/www.liederkranz-ehningen.de\/wp-content\/gallery\/2014-07-auftritt-bei-der-langen-nacht-des-ghv\/cache\/2014-07-26_Chorios-lange_GHV-Nacht_1.JPG-nggid03254-ngg0dyn-91x68-00f0w010c011r110f110r010t010.JPG\"\/>\n\t\t\t\t\t\t<\/a>\n\t\t\t\t\t\t\t\t\t\t\t\t\t\t<\/div>\n\t\t\t<\/div>\n\t\t\t\t\t\t<h4>\n\t\t\t\t<a class='ngg-album-desc' \n\t\t\t\ttitle='Auftritt bei der langen Nacht des GHV'\n                       href='https:\/\/www.liederkranz-ehningen.de\/index.php\/nggallery\/album-2014\/2014-07-auftritt-bei-der-langen-nacht-des-ghv?page_id=76'style=\"max-width: 111px\"\t\t\t\t>Auftritt bei der langen Nacht des GHV<\/a>\n\t\t\t<\/h4>\n\t\t\t<p class=\"ngg-album-gallery-image-counter\">\n\t\t\t\t\t\t\t\t\t<strong>4<\/strong>&nbsp;Fotos\t\t\t\t\t\t\t<\/p>\n\t\t<\/div>\n\t\t\t<div class=\"ngg-album-compact\">\n\t\t\t<div class=\"ngg-album-compactbox\">\n\t\t\t\t<div class=\"ngg-album-link\">\n\t\t\t\t\t\t\t\t\t\t\t\t\t\t\t\t<a title='KlangArt Auftritt im Herrenberger Klosterhof'\n                       href='https:\/\/www.liederkranz-ehningen.de\/index.php\/nggallery\/album-2014\/2014-07-klangart-auftritt-im-herrenberger-klosterhof?page_id=76'>\n\t\t\t\t\t\t\t<img class=\"Thumb\"\n\t\t\t\t\t\t\t\talt=\"KlangArt Auftritt im Herrenberger Klosterhof\"\n\t\t\t\t\t\t\t\tsrc=\"https:\/\/www.liederkranz-ehningen.de\/wp-content\/gallery\/2014-07-klangart-auftritt-im-herrenberger-klosterhof\/cache\/2014-07-20_Klangart-Klosterhof-Herrenberg_1.JPG-nggid03242-ngg0dyn-91x68-00f0w010c011r110f110r010t010.JPG\"\/>\n\t\t\t\t\t\t<\/a>\n\t\t\t\t\t\t\t\t\t\t\t\t\t\t<\/div>\n\t\t\t<\/div>\n\t\t\t\t\t\t<h4>\n\t\t\t\t<a class='ngg-album-desc' \n\t\t\t\ttitle='KlangArt Auftritt im Herrenberger Klosterhof'\n                       href='https:\/\/www.liederkranz-ehningen.de\/index.php\/nggallery\/album-2014\/2014-07-klangart-auftritt-im-herrenberger-klosterhof?page_id=76'style=\"max-width: 111px\"\t\t\t\t>KlangArt Auftritt im Herrenberger Klosterhof<\/a>\n\t\t\t<\/h4>\n\t\t\t<p class=\"ngg-album-gallery-image-counter\">\n\t\t\t\t\t\t\t\t\t<strong>12<\/strong>&nbsp;Fotos\t\t\t\t\t\t\t<\/p>\n\t\t<\/div>\n\t\t\t<div class=\"ngg-album-compact\">\n\t\t\t<div class=\"ngg-album-compactbox\">\n\t\t\t\t<div class=\"ngg-album-link\">\n\t\t\t\t\t\t\t\t\t\t\t\t\t\t\t\t<a title='Weinfest_14'\n                       href='https:\/\/www.liederkranz-ehningen.de\/index.php\/nggallery\/album-2014\/2014-09-ehninger-weinfest?page_id=76'>\n\t\t\t\t\t\t\t<img class=\"Thumb\"\n\t\t\t\t\t\t\t\talt=\"Weinfest_14\"\n\t\t\t\t\t\t\t\tsrc=\"https:\/\/www.liederkranz-ehningen.de\/wp-content\/gallery\/2014-09-ehninger-weinfest\/cache\/2014-09-20_Weinfest_1.JPG-nggid03222-ngg0dyn-91x68-00f0w010c011r110f110r010t010.JPG\"\/>\n\t\t\t\t\t\t<\/a>\n\t\t\t\t\t\t\t\t\t\t\t\t\t\t<\/div>\n\t\t\t<\/div>\n\t\t\t\t\t\t<h4>\n\t\t\t\t<a class='ngg-album-desc' \n\t\t\t\ttitle='Weinfest_14'\n                       href='https:\/\/www.liederkranz-ehningen.de\/index.php\/nggallery\/album-2014\/2014-09-ehninger-weinfest?page_id=76'style=\"max-width: 111px\"\t\t\t\t>Weinfest_14<\/a>\n\t\t\t<\/h4>\n\t\t\t<p class=\"ngg-album-gallery-image-counter\">\n\t\t\t\t\t\t\t\t\t<strong>20<\/strong>&nbsp;Fotos\t\t\t\t\t\t\t<\/p>\n\t\t<\/div>\n\t\t\t<div class=\"ngg-album-compact\">\n\t\t\t<div class=\"ngg-album-compactbox\">\n\t\t\t\t<div class=\"ngg-album-link\">\n\t\t\t\t\t\t\t\t\t\t\t\t\t\t\t\t<a title='Auftritt auf dem Stuttgarter Weihnachtsmarkt'\n                       href='https:\/\/www.liederkranz-ehningen.de\/index.php\/nggallery\/album-2014\/2014-11-auftritt-auf-dem-stuttgarter-weihnachtsmarkt?page_id=76'>\n\t\t\t\t\t\t\t<img class=\"Thumb\"\n\t\t\t\t\t\t\t\talt=\"Auftritt auf dem Stuttgarter Weihnachtsmarkt\"\n\t\t\t\t\t\t\t\tsrc=\"https:\/\/www.liederkranz-ehningen.de\/wp-content\/gallery\/2014-11-auftritt-auf-dem-stuttgarter-weihnachtsmarkt\/cache\/2014-11-28_Weihnachtsmarkt-Stuttgart-1.JPG-nggid03210-ngg0dyn-91x68-00f0w010c011r110f110r010t010.JPG\"\/>\n\t\t\t\t\t\t<\/a>\n\t\t\t\t\t\t\t\t\t\t\t\t\t\t<\/div>\n\t\t\t<\/div>\n\t\t\t\t\t\t<h4>\n\t\t\t\t<a class='ngg-album-desc' \n\t\t\t\ttitle='Auftritt auf dem Stuttgarter Weihnachtsmarkt'\n                       href='https:\/\/www.liederkranz-ehningen.de\/index.php\/nggallery\/album-2014\/2014-11-auftritt-auf-dem-stuttgarter-weihnachtsmarkt?page_id=76'style=\"max-width: 111px\"\t\t\t\t>Auftritt auf dem Stuttgarter Weihnachtsmarkt<\/a>\n\t\t\t<\/h4>\n\t\t\t<p class=\"ngg-album-gallery-image-counter\">\n\t\t\t\t\t\t\t\t\t<strong>12<\/strong>&nbsp;Fotos\t\t\t\t\t\t\t<\/p>\n\t\t<\/div>\n\t\t\t<div class=\"ngg-album-compact\">\n\t\t\t<div class=\"ngg-album-compactbox\">\n\t\t\t\t<div class=\"ngg-album-link\">\n\t\t\t\t\t\t\t\t\t\t\t\t\t\t\t\t<a title='TAKTVOLL Konzert &quot;Songs &amp; Cinema&quot; in der Begegnungsst\u00e4tte'\n                       href='https:\/\/www.liederkranz-ehningen.de\/index.php\/nggallery\/album-2014\/2014-11-taktvoll-konzert-songs-cinema-in-der-begegnungsstaette?page_id=76'>\n\t\t\t\t\t\t\t<img class=\"Thumb\"\n\t\t\t\t\t\t\t\talt=\"TAKTVOLL Konzert &quot;Songs &amp; Cinema&quot; in der Begegnungsst\u00e4tte\"\n\t\t\t\t\t\t\t\tsrc=\"https:\/\/www.liederkranz-ehningen.de\/wp-content\/gallery\/2014-11-taktvoll-konzert-songs-cinema-in-der-begegnungsstaette\/cache\/2014-11-08_TV-Konzert_1.jpg-nggid03194-ngg0dyn-91x68-00f0w010c011r110f110r010t010.jpg\"\/>\n\t\t\t\t\t\t<\/a>\n\t\t\t\t\t\t\t\t\t\t\t\t\t\t<\/div>\n\t\t\t<\/div>\n\t\t\t\t\t\t<h4>\n\t\t\t\t<a class='ngg-album-desc' \n\t\t\t\ttitle='TAKTVOLL Konzert &quot;Songs &amp; Cinema&quot; in der Begegnungsst\u00e4tte'\n                       href='https:\/\/www.liederkranz-ehningen.de\/index.php\/nggallery\/album-2014\/2014-11-taktvoll-konzert-songs-cinema-in-der-begegnungsstaette?page_id=76'style=\"max-width: 111px\"\t\t\t\t>TAKTVOLL Konzert \"Songs &amp; Cinema\" in der Begegnungsst\u00e4tte<\/a>\n\t\t\t<\/h4>\n\t\t\t<p class=\"ngg-album-gallery-image-counter\">\n\t\t\t\t\t\t\t\t\t<strong>16<\/strong>&nbsp;Fotos\t\t\t\t\t\t\t<\/p>\n\t\t<\/div>\n\t\t\t<div class=\"ngg-album-compact\">\n\t\t\t<div class=\"ngg-album-compactbox\">\n\t\t\t\t<div class=\"ngg-album-link\">\n\t\t\t\t\t\t\t\t\t\t\t\t\t\t\t\t<a title='Liedertafel in der Begegnungsst\u00e4tte'\n                       href='https:\/\/www.liederkranz-ehningen.de\/index.php\/nggallery\/album-2014\/2014-12-liedertafel-in-der-begegnungsstaette?page_id=76'>\n\t\t\t\t\t\t\t<img class=\"Thumb\"\n\t\t\t\t\t\t\t\talt=\"Liedertafel in der Begegnungsst\u00e4tte\"\n\t\t\t\t\t\t\t\tsrc=\"https:\/\/www.liederkranz-ehningen.de\/wp-content\/gallery\/2014-12-liedertafel-in-der-begegnungsstaette\/cache\/2014-30-11_Liedertafel_1.JPG-nggid03178-ngg0dyn-91x68-00f0w010c011r110f110r010t010.JPG\"\/>\n\t\t\t\t\t\t<\/a>\n\t\t\t\t\t\t\t\t\t\t\t\t\t\t<\/div>\n\t\t\t<\/div>\n\t\t\t\t\t\t<h4>\n\t\t\t\t<a class='ngg-album-desc' \n\t\t\t\ttitle='Liedertafel in der Begegnungsst\u00e4tte'\n                       href='https:\/\/www.liederkranz-ehningen.de\/index.php\/nggallery\/album-2014\/2014-12-liedertafel-in-der-begegnungsstaette?page_id=76'style=\"max-width: 111px\"\t\t\t\t>Liedertafel in der Begegnungsst\u00e4tte<\/a>\n\t\t\t<\/h4>\n\t\t\t<p class=\"ngg-album-gallery-image-counter\">\n\t\t\t\t\t\t\t\t\t<strong>16<\/strong>&nbsp;Fotos\t\t\t\t\t\t\t<\/p>\n\t\t<\/div>\n\t\t\t<div class=\"ngg-album-compact\">\n\t\t\t<div class=\"ngg-album-compactbox\">\n\t\t\t\t<div class=\"ngg-album-link\">\n\t\t\t\t\t\t\t\t\t\t\t\t\t\t\t\t<a title='Weihnachtl. Kl\u00e4nge im Zehntscheuerhof'\n                       href='https:\/\/www.liederkranz-ehningen.de\/index.php\/nggallery\/album-2014\/2014-12-weihnachtliche-klaenge-im-zehntscheuerhof?page_id=76'>\n\t\t\t\t\t\t\t<img class=\"Thumb\"\n\t\t\t\t\t\t\t\talt=\"Weihnachtl. Kl\u00e4nge im Zehntscheuerhof\"\n\t\t\t\t\t\t\t\tsrc=\"https:\/\/www.liederkranz-ehningen.de\/wp-content\/gallery\/2014-12-weihnachtliche-klaenge-im-zehntscheuerhof\/cache\/2014-12-20_Weihn.Kl%C3%A4nge_1.jpg-nggid03170-ngg0dyn-91x68-00f0w010c011r110f110r010t010.jpg\"\/>\n\t\t\t\t\t\t<\/a>\n\t\t\t\t\t\t\t\t\t\t\t\t\t\t<\/div>\n\t\t\t<\/div>\n\t\t\t\t\t\t<h4>\n\t\t\t\t<a class='ngg-album-desc' \n\t\t\t\ttitle='Weihnachtl. Kl\u00e4nge im Zehntscheuerhof'\n                       href='https:\/\/www.liederkranz-ehningen.de\/index.php\/nggallery\/album-2014\/2014-12-weihnachtliche-klaenge-im-zehntscheuerhof?page_id=76'style=\"max-width: 111px\"\t\t\t\t>Weihnachtl. Kl\u00e4nge im Zehntscheuerhof<\/a>\n\t\t\t<\/h4>\n\t\t\t<p class=\"ngg-album-gallery-image-counter\">\n\t\t\t\t\t\t\t\t\t<strong>8<\/strong>&nbsp;Fotos\t\t\t\t\t\t\t<\/p>\n\t\t<\/div>\n\t\t<br class=\"ngg-clear\"\/>\n\t<div class='ngg-clear'><\/div><\/div>\n<\/p>\n<p>&nbsp;<\/p>\n","protected":false},"excerpt":{"rendered":"<p>Bilder des Jahres 2014 Neujahrswanderung_14 8&nbsp;Fotos CHORios- und TAKTVOLL-Auftritt beim TSV-Jubil\u00e4umsabend 1&nbsp;Fotos CHORios Ausflug nach Frankfurt und in den Spessart 28&nbsp;Fotos Maibaumstellen_14 15&nbsp;Fotos 10-j\u00e4hriges Chorleiter-Jubil\u00e4um von Clemens K\u00f6nig 12&nbsp;Fotos Frauen-Ausflug ins Allg\u00e4u 16&nbsp;Fotos TAKTVOLL Auftritt beim Open Sound-Festival in Schw\u00e4bisch Gm\u00fcnd 8&nbsp;Fotos TAKTVOLL Ausflug an den Kaiserstuhl 24&nbsp;Fotos Auftritt bei der langen Nacht des GHV &#8230; <a title=\"Fotos 2014\" class=\"read-more\" href=\"https:\/\/www.liederkranz-ehningen.de\/?page_id=76\" aria-label=\"Mehr dazu unter Fotos 2014\">Weiterlesen<\/a><\/p>\n","protected":false},"author":1,"featured_media":0,"parent":0,"menu_order":0,"comment_status":"closed","ping_status":"closed","template":"","meta":{"ngg_post_thumbnail":0,"footnotes":""},"_links":{"self":[{"href":"https:\/\/www.liederkranz-ehningen.de\/index.php?rest_route=\/wp\/v2\/pages\/76"}],"collection":[{"href":"https:\/\/www.liederkranz-ehningen.de\/index.php?rest_route=\/wp\/v2\/pages"}],"about":[{"href":"https:\/\/www.liederkranz-ehningen.de\/index.php?rest_route=\/wp\/v2\/types\/page"}],"author":[{"embeddable":true,"href":"https:\/\/www.liederkranz-ehningen.de\/index.php?rest_route=\/wp\/v2\/users\/1"}],"replies":[{"embeddable":true,"href":"https:\/\/www.liederkranz-ehningen.de\/index.php?rest_route=%2Fwp%2Fv2%2Fcomments&post=76"}],"version-history":[{"count":9,"href":"https:\/\/www.liederkranz-ehningen.de\/index.php?rest_route=\/wp\/v2\/pages\/76\/revisions"}],"predecessor-version":[{"id":2758,"href":"https:\/\/www.liederkranz-ehningen.de\/index.php?rest_route=\/wp\/v2\/pages\/76\/revisions\/2758"}],"wp:attachment":[{"href":"https:\/\/www.liederkranz-ehningen.de\/index.php?rest_route=%2Fwp%2Fv2%2Fmedia&parent=76"}],"curies":[{"name":"wp","href":"https:\/\/api.w.org\/{rel}","templated":true}]}}