{"id":62,"date":"2015-01-29T12:58:17","date_gmt":"2015-01-29T11:58:17","guid":{"rendered":"http:\/\/wordpress.liederkranz-ehningen.de\/?page_id=62"},"modified":"2022-11-21T17:43:03","modified_gmt":"2022-11-21T16:43:03","slug":"chorproben","status":"publish","type":"page","link":"https:\/\/www.liederkranz-ehningen.de\/?page_id=62","title":{"rendered":"Probentermine"},"content":{"rendered":"<p><span style=\"color: #3b9bd0;\"><strong>Gemischter Chor &#8222;KlangArt&#8220;&nbsp;<\/strong><\/span><br \/>\n<strong>donnerstags: 19.00 &#8211; 20.45 Uhr<\/strong><\/p>\n<p><strong><span style=\"color: #3b9bd0;\">M\u00e4nnerchor &#8222;CHORios&#8220;<br \/>\n<\/span>donnerstags:&nbsp; 20.45 &#8211; 22.00 Uhr<\/strong><\/p>\n<p><span style=\"color: #3b9bd0;\"><strong>Chorgruppe &#8222;TAKTVOLL&#8220;<br \/>\n<\/strong><\/span><strong>montags-14-t\u00e4gig (gerade Wochen): 20.00 &#8211; 22.00 Uhr<\/strong><\/p>\n<p><strong><span style=\"color: #3b9bd0;\">Kinderchor &#8222;c&#8217;OHRw\u00fcrmer&#8220;<br \/>\n<\/span>donnerstags:&nbsp; 17.00 &#8211; 18.00 Uhr<\/strong><\/p>\n<p><strong><span style=\"color: #000000;\"><em>jeweils im Probenraum der Fron\u00e4ckerschule, Gartenstra\u00dfe 11<\/em><\/span><\/strong><\/p>\n","protected":false},"excerpt":{"rendered":"<p>Gemischter Chor &#8222;KlangArt&#8220;&nbsp; donnerstags: 19.00 &#8211; 20.45 Uhr M\u00e4nnerchor &#8222;CHORios&#8220; donnerstags:&nbsp; 20.45 &#8211; 22.00 Uhr Chorgruppe &#8222;TAKTVOLL&#8220; montags-14-t\u00e4gig (gerade Wochen): 20.00 &#8211; 22.00 Uhr Kinderchor &#8222;c&#8217;OHRw\u00fcrmer&#8220; donnerstags:&nbsp; 17.00 &#8211; 18.00 Uhr jeweils im Probenraum der Fron\u00e4ckerschule, Gartenstra\u00dfe 11<\/p>\n","protected":false},"author":1,"featured_media":0,"parent":0,"menu_order":0,"comment_status":"closed","ping_status":"closed","template":"","meta":{"ngg_post_thumbnail":0,"footnotes":""},"_links":{"self":[{"href":"https:\/\/www.liederkranz-ehningen.de\/index.php?rest_route=\/wp\/v2\/pages\/62"}],"collection":[{"href":"https:\/\/www.liederkranz-ehningen.de\/index.php?rest_route=\/wp\/v2\/pages"}],"about":[{"href":"https:\/\/www.liederkranz-ehningen.de\/index.php?rest_route=\/wp\/v2\/types\/page"}],"author":[{"embeddable":true,"href":"https:\/\/www.liederkranz-ehningen.de\/index.php?rest_route=\/wp\/v2\/users\/1"}],"replies":[{"embeddable":true,"href":"https:\/\/www.liederkranz-ehningen.de\/index.php?rest_route=%2Fwp%2Fv2%2Fcomments&post=62"}],"version-history":[{"count":8,"href":"https:\/\/www.liederkranz-ehningen.de\/index.php?rest_route=\/wp\/v2\/pages\/62\/revisions"}],"predecessor-version":[{"id":4621,"href":"https:\/\/www.liederkranz-ehningen.de\/index.php?rest_route=\/wp\/v2\/pages\/62\/revisions\/4621"}],"wp:attachment":[{"href":"https:\/\/www.liederkranz-ehningen.de\/index.php?rest_route=%2Fwp%2Fv2%2Fmedia&parent=62"}],"curies":[{"name":"wp","href":"https:\/\/api.w.org\/{rel}","templated":true}]}}

<p><span style="color: #3b9bd0;"><strong>Gemischter Chor &#8222;KlangArt&#8220;&nbsp;</strong></span><br />
<strong>donnerstags: 19.00 &#8211; 20.45 Uhr</strong></p>
<p><strong><span style="color: #3b9bd0;">Männerchor &#8222;CHORios&#8220;<br />
</span>donnerstags:&nbsp; 20.45 &#8211; 22.00 Uhr</strong></p>
<p><span style="color: #3b9bd0;"><strong>Chorgruppe &#8222;TAKTVOLL&#8220;<br />
</strong></span><strong>montags-14-tägig (gerade Wochen): 20.00 &#8211; 22.00 Uhr</strong></p>
<p><strong><span style="color: #3b9bd0;">Kinderchor &#8222;c&#8217;OHRwürmer&#8220;<br />
</span>donnerstags:&nbsp; 17.00 &#8211; 18.00 Uhr</strong></p>
<p><strong><span style="color: #000000;"><em>jeweils im Probenraum der Fronäckerschule, Gartenstraße 11</em></span></strong></p>

<p>Gemischter Chor &#8222;KlangArt&#8220;&nbsp; donnerstags: 19.00 &#8211; 20.45 Uhr Männerchor &#8222;CHORios&#8220; donnerstags:&nbsp; 20.45 &#8211; 22.00 Uhr Chorgruppe &#8222;TAKTVOLL&#8220; montags-14-tägig (gerade Wochen): 20.00 &#8211; 22.00 Uhr Kinderchor &#8222;c&#8217;OHRwürmer&#8220; donnerstags:&nbsp; 17.00 &#8211; 18.00 Uhr jeweils im Probenraum der Fronäckerschule, Gartenstraße 11</p>
