{"id":5330,"date":"2026-01-10T17:58:42","date_gmt":"2026-01-10T16:58:42","guid":{"rendered":"https:\/\/www.liederkranz-ehningen.de\/?page_id=5330"},"modified":"2026-01-10T17:58:42","modified_gmt":"2026-01-10T16:58:42","slug":"impressionen-2025","status":"publish","type":"page","link":"https:\/\/www.liederkranz-ehningen.de\/?page_id=5330","title":{"rendered":"Impressionen 2025"},"content":{"rendered":"\n<div class=\"alignnormal\"><div id=\"metaslider-id-5194\" style=\"width: 100%; margin: 0 auto;\" class=\"ml-slider-3-60-1 metaslider metaslider-flex metaslider-5194 ml-slider ms-theme-default nav-hidden\" role=\"region\" aria-roledescription=\"Slideshow\" aria-label=\"Impressionen 2025\">\n    <div id=\"metaslider_container_5194\">\n        <div id=\"metaslider_5194\">\n            <ul aria-live=\"polite\" class=\"slides\">\n                <li style=\"display: block; width: 100%;\" class=\"slide-5328 ms-image\" aria-roledescription=\"slide\" aria-label=\"slide-5328\"><img loading=\"lazy\" decoding=\"async\" src=\"https:\/\/www.liederkranz-ehningen.de\/wp-content\/uploads\/2026\/01\/IMG-20250215-WA0001-1100x550.jpg\" height=\"550\" width=\"1100\" alt=\"\" class=\"slider-5194 slide-5328\" title=\"IMG-20250215-WA0001\" \/><div class=\"caption-wrap\"><div class=\"caption\">Winterausfahrt ins Tannheimer Tal<\/div><\/div><\/li>\n                <li style=\"display: none; width: 100%;\" class=\"slide-5329 ms-image\" aria-roledescription=\"slide\" aria-label=\"slide-5329\"><img loading=\"lazy\" decoding=\"async\" src=\"https:\/\/www.liederkranz-ehningen.de\/wp-content\/uploads\/2026\/01\/IMG-20250215-WA0007-1100x550.jpg\" height=\"550\" width=\"1100\" alt=\"\" class=\"slider-5194 slide-5329\" title=\"IMG-20250215-WA0007\" \/><div class=\"caption-wrap\"><div class=\"caption\">Winterausfahrt ins Tannheimer Tal<\/div><\/div><\/li>\n                <li style=\"display: none; width: 100%;\" class=\"slide-5327 ms-image\" aria-roledescription=\"slide\" aria-label=\"slide-5327\"><img loading=\"lazy\" decoding=\"async\" src=\"https:\/\/www.liederkranz-ehningen.de\/wp-content\/uploads\/2026\/01\/IMG-20250330-WA0010-1100x550.jpg\" height=\"550\" width=\"1100\" alt=\"\" class=\"slider-5194 slide-5327\" title=\"IMG-20250330-WA0010\" \/><div class=\"caption-wrap\"><div class=\"caption\">\"Aus voller Kehle f\u00fcr die Seele\" mit Patrick Bopp<\/div><\/div><\/li>\n                <li style=\"display: none; width: 100%;\" class=\"slide-5326 ms-image\" aria-roledescription=\"slide\" aria-label=\"slide-5326\"><img loading=\"lazy\" decoding=\"async\" src=\"https:\/\/www.liederkranz-ehningen.de\/wp-content\/uploads\/2026\/01\/IMG-20250330-WA0012-1100x550.jpg\" height=\"550\" width=\"1100\" alt=\"\" class=\"slider-5194 slide-5326\" title=\"IMG-20250330-WA0012\" \/><div class=\"caption-wrap\"><div class=\"caption\">\"Aus voller Kehle f\u00fcr die Seele\" mit Patrick Bopp<\/div><\/div><\/li>\n                <li style=\"display: none; width: 100%;\" class=\"slide-5325 ms-image\" aria-roledescription=\"slide\" aria-label=\"slide-5325\"><img loading=\"lazy\" decoding=\"async\" src=\"https:\/\/www.liederkranz-ehningen.de\/wp-content\/uploads\/2026\/01\/IMG-20250330-WA0037-1100x550.jpg\" height=\"550\" width=\"1100\" alt=\"\" class=\"slider-5194 slide-5325\" title=\"IMG-20250330-WA0037\" \/><div class=\"caption-wrap\"><div class=\"caption\">Zu Gast beim Gesangsverein Nufringen<\/div><\/div><\/li>\n                <li style=\"display: none; width: 100%;\" class=\"slide-5322 ms-image\" aria-roledescription=\"slide\" aria-label=\"slide-5322\"><img loading=\"lazy\" decoding=\"async\" src=\"https:\/\/www.liederkranz-ehningen.de\/wp-content\/uploads\/2026\/01\/IMG-20250501-WA0006-4-1100x550.jpg\" height=\"550\" width=\"1100\" alt=\"\" class=\"slider-5194 slide-5322\" title=\"IMG-20250501-WA0006\" \/><div class=\"caption-wrap\"><div class=\"caption\">Maibaum<\/div><\/div><\/li>\n                <li style=\"display: none; width: 100%;\" class=\"slide-5324 ms-image\" aria-roledescription=\"slide\" aria-label=\"slide-5324\"><img loading=\"lazy\" decoding=\"async\" src=\"https:\/\/www.liederkranz-ehningen.de\/wp-content\/uploads\/2026\/01\/IMG-20250428-WA0002-1100x550.jpg\" height=\"550\" width=\"1100\" alt=\"\" class=\"slider-5194 slide-5324\" title=\"IMG-20250428-WA0002\" \/><div class=\"caption-wrap\"><div class=\"caption\">Kranzbinden f\u00fcr den Maibaum<\/div><\/div><\/li>\n                <li style=\"display: none; width: 100%;\" class=\"slide-5323 ms-image\" aria-roledescription=\"slide\" aria-label=\"slide-5323\"><img loading=\"lazy\" decoding=\"async\" src=\"https:\/\/www.liederkranz-ehningen.de\/wp-content\/uploads\/2026\/01\/IMG-20250501-WA0002-1100x550.jpg\" height=\"550\" width=\"1100\" alt=\"\" class=\"slider-5194 slide-5323\" title=\"IMG-20250501-WA0002\" \/><div class=\"caption-wrap\"><div class=\"caption\">Das Grillteam am 1. Mai<\/div><\/div><\/li>\n                <li style=\"display: none; width: 100%;\" class=\"slide-5321 ms-image\" aria-roledescription=\"slide\" aria-label=\"slide-5321\"><img loading=\"lazy\" decoding=\"async\" src=\"https:\/\/www.liederkranz-ehningen.de\/wp-content\/uploads\/2026\/01\/IMG-20250510-WA0010-1100x550.jpg\" height=\"550\" width=\"1100\" alt=\"\" class=\"slider-5194 slide-5321\" title=\"IMG-20250510-WA0010\" \/><div class=\"caption-wrap\"><div class=\"caption\">TAKTVOLL beim Jubil\u00e4umskonzert des Musikvereins<\/div><\/div><\/li>\n                <li style=\"display: none; width: 100%;\" class=\"slide-5320 ms-image\" aria-roledescription=\"slide\" aria-label=\"slide-5320\"><img loading=\"lazy\" decoding=\"async\" src=\"https:\/\/www.liederkranz-ehningen.de\/wp-content\/uploads\/2026\/01\/IMG-20250523-WA0003-1100x550.jpg\" height=\"550\" width=\"1100\" alt=\"\" class=\"slider-5194 slide-5320\" title=\"IMG-20250523-WA0003\" \/><div class=\"caption-wrap\"><div class=\"caption\">M\u00e4nnerchorausflug in V\u00f6lklingen<\/div><\/div><\/li>\n                <li style=\"display: none; width: 100%;\" class=\"slide-5316 ms-image\" aria-roledescription=\"slide\" aria-label=\"slide-5316\"><img loading=\"lazy\" decoding=\"async\" src=\"https:\/\/www.liederkranz-ehningen.de\/wp-content\/uploads\/2026\/01\/IMG-20250712-WA0126-1100x550.jpg\" height=\"550\" width=\"1100\" alt=\"\" class=\"slider-5194 slide-5316\" title=\"IMG-20250712-WA0126\" \/><div class=\"caption-wrap\"><div class=\"caption\">TAKTVOLL-Ausflug nach Schw\u00e4bisch Hall<\/div><\/div><\/li>\n                <li style=\"display: none; width: 100%;\" class=\"slide-5317 ms-image\" aria-roledescription=\"slide\" aria-label=\"slide-5317\"><img loading=\"lazy\" decoding=\"async\" src=\"https:\/\/www.liederkranz-ehningen.de\/wp-content\/uploads\/2026\/01\/IMG-20250712-WA0081-1100x550.jpg\" height=\"550\" width=\"1100\" alt=\"\" class=\"slider-5194 slide-5317\" title=\"IMG-20250712-WA0081\" \/><div class=\"caption-wrap\"><div class=\"caption\">TAKTVOLL-Ausflug nach Schw\u00e4bisch Hall<\/div><\/div><\/li>\n                <li style=\"display: none; width: 100%;\" class=\"slide-5318 ms-image\" aria-roledescription=\"slide\" aria-label=\"slide-5318\"><img loading=\"lazy\" decoding=\"async\" src=\"https:\/\/www.liederkranz-ehningen.de\/wp-content\/uploads\/2026\/01\/IMG-20250712-WA0059-1100x550.jpg\" height=\"550\" width=\"1100\" alt=\"\" class=\"slider-5194 slide-5318\" title=\"IMG-20250712-WA0059\" \/><div class=\"caption-wrap\"><div class=\"caption\">TAKTVOLL-Ausflug nach Schw\u00e4bisch Hall<\/div><\/div><\/li>\n                <li style=\"display: none; width: 100%;\" class=\"slide-5319 ms-image\" aria-roledescription=\"slide\" aria-label=\"slide-5319\"><img loading=\"lazy\" decoding=\"async\" src=\"https:\/\/www.liederkranz-ehningen.de\/wp-content\/uploads\/2026\/01\/IMG-20250712-WA0045-1100x550.jpg\" height=\"550\" width=\"1100\" alt=\"\" class=\"slider-5194 slide-5319\" title=\"IMG-20250712-WA0045\" \/><div class=\"caption-wrap\"><div class=\"caption\">TAKTVOLL-Ausflug nach Schw\u00e4bisch Hall - kein Angst vor gro\u00dfen V\u00f6geln -<\/div><\/div><\/li>\n                <li style=\"display: none; width: 100%;\" class=\"slide-5314 ms-image\" aria-roledescription=\"slide\" aria-label=\"slide-5314\"><img loading=\"lazy\" decoding=\"async\" src=\"https:\/\/www.liederkranz-ehningen.de\/wp-content\/uploads\/2026\/01\/IMG-20250808-WA0009-1100x550.jpg\" height=\"550\" width=\"1100\" alt=\"\" class=\"slider-5194 slide-5314\" title=\"IMG-20250808-WA0009\" \/><div class=\"caption-wrap\"><div class=\"caption\">Zehntscheuercafe<\/div><\/div><\/li>\n                <li style=\"display: none; width: 100%;\" class=\"slide-5315 ms-image\" aria-roledescription=\"slide\" aria-label=\"slide-5315\"><img loading=\"lazy\" decoding=\"async\" src=\"https:\/\/www.liederkranz-ehningen.de\/wp-content\/uploads\/2026\/01\/IMG-20250731-WA0006-1100x550.jpg\" height=\"550\" width=\"1100\" alt=\"\" class=\"slider-5194 slide-5315\" title=\"IMG-20250731-WA0006\" \/><div class=\"caption-wrap\"><div class=\"caption\">Zehntscheuercafe<\/div><\/div><\/li>\n                <li style=\"display: none; width: 100%;\" class=\"slide-5310 ms-image\" aria-roledescription=\"slide\" aria-label=\"slide-5310\"><img loading=\"lazy\" decoding=\"async\" src=\"https:\/\/www.liederkranz-ehningen.de\/wp-content\/uploads\/2026\/01\/IMG-20250809-WA0064-1100x550.jpg\" height=\"550\" width=\"1100\" alt=\"\" class=\"slider-5194 slide-5310\" title=\"IMG-20250809-WA0064\" \/><div class=\"caption-wrap\"><div class=\"caption\">Sommerfest f\u00fcr die Mitglieder<\/div><\/div><\/li>\n                <li style=\"display: none; width: 100%;\" class=\"slide-5311 ms-image\" aria-roledescription=\"slide\" aria-label=\"slide-5311\"><img loading=\"lazy\" decoding=\"async\" src=\"https:\/\/www.liederkranz-ehningen.de\/wp-content\/uploads\/2026\/01\/IMG-20250809-WA0049-1100x550.jpg\" height=\"550\" width=\"1100\" alt=\"\" class=\"slider-5194 slide-5311\" title=\"IMG-20250809-WA0049\" \/><div class=\"caption-wrap\"><div class=\"caption\">Sommerfest f\u00fcr die Mitglieder<\/div><\/div><\/li>\n                <li style=\"display: none; width: 100%;\" class=\"slide-5312 ms-image\" aria-roledescription=\"slide\" aria-label=\"slide-5312\"><img loading=\"lazy\" decoding=\"async\" src=\"https:\/\/www.liederkranz-ehningen.de\/wp-content\/uploads\/2026\/01\/IMG-20250809-WA0048-1100x550.jpg\" height=\"550\" width=\"1100\" alt=\"\" class=\"slider-5194 slide-5312\" title=\"IMG-20250809-WA0048\" \/><div class=\"caption-wrap\"><div class=\"caption\">Sommerfest f\u00fcr die Mitglieder<\/div><\/div><\/li>\n                <li style=\"display: none; width: 100%;\" class=\"slide-5313 ms-image\" aria-roledescription=\"slide\" aria-label=\"slide-5313\"><img loading=\"lazy\" decoding=\"async\" src=\"https:\/\/www.liederkranz-ehningen.de\/wp-content\/uploads\/2026\/01\/IMG-20250809-WA0045-1100x550.jpg\" height=\"550\" width=\"1100\" alt=\"\" class=\"slider-5194 slide-5313\" title=\"IMG-20250809-WA0045\" \/><div class=\"caption-wrap\"><div class=\"caption\">Sommerfest f\u00fcr die Mitglieder<\/div><\/div><\/li>\n                <li style=\"display: none; width: 100%;\" class=\"slide-5309 ms-image\" aria-roledescription=\"slide\" aria-label=\"slide-5309\"><img loading=\"lazy\" decoding=\"async\" src=\"https:\/\/www.liederkranz-ehningen.de\/wp-content\/uploads\/2026\/01\/IMG-20251012-WA0011-1100x550.jpg\" height=\"550\" width=\"1100\" alt=\"\" class=\"slider-5194 slide-5309\" title=\"IMG-20251012-WA0011\" \/><div class=\"caption-wrap\"><div class=\"caption\">CHORios beim MGV Trillfingen<\/div><\/div><\/li>\n                <li style=\"display: none; width: 100%;\" class=\"slide-5308 ms-image\" aria-roledescription=\"slide\" aria-label=\"slide-5308\"><img loading=\"lazy\" decoding=\"async\" src=\"https:\/\/www.liederkranz-ehningen.de\/wp-content\/uploads\/2026\/01\/IMG-20251018-WA0011-1100x550.jpg\" height=\"550\" width=\"1100\" alt=\"\" class=\"slider-5194 slide-5308\" title=\"IMG-20251018-WA0011\" \/><div class=\"caption-wrap\"><div class=\"caption\">Weinfest<\/div><\/div><\/li>\n                <li style=\"display: none; width: 100%;\" class=\"slide-5307 ms-image\" aria-roledescription=\"slide\" aria-label=\"slide-5307\"><img loading=\"lazy\" decoding=\"async\" src=\"https:\/\/www.liederkranz-ehningen.de\/wp-content\/uploads\/2026\/01\/IMG-20251019-WA0074-1100x550.jpg\" height=\"550\" width=\"1100\" alt=\"\" class=\"slider-5194 slide-5307\" title=\"IMG-20251019-WA0074\" \/><div class=\"caption-wrap\"><div class=\"caption\">Weinfest<\/div><\/div><\/li>\n                <li style=\"display: none; width: 100%;\" class=\"slide-5306 ms-image\" aria-roledescription=\"slide\" aria-label=\"slide-5306\"><img loading=\"lazy\" decoding=\"async\" src=\"https:\/\/www.liederkranz-ehningen.de\/wp-content\/uploads\/2026\/01\/IMG-20251019-WA0120-scaled-1100x550.jpg\" height=\"550\" width=\"1100\" alt=\"\" class=\"slider-5194 slide-5306\" title=\"IMG-20251019-WA0120\" \/><div class=\"caption-wrap\"><div class=\"caption\">Weinfest<\/div><\/div><\/li>\n                <li style=\"display: none; width: 100%;\" class=\"slide-5304 ms-image\" aria-roledescription=\"slide\" aria-label=\"slide-5304\"><img loading=\"lazy\" decoding=\"async\" src=\"https:\/\/www.liederkranz-ehningen.de\/wp-content\/uploads\/2026\/01\/IMG-20251123-WA0014-scaled-1100x550.jpg\" height=\"550\" width=\"1100\" alt=\"\" class=\"slider-5194 slide-5304\" title=\"IMG-20251123-WA0014\" \/><div class=\"caption-wrap\"><div class=\"caption\">Rockkonzert<\/div><\/div><\/li>\n                <li style=\"display: none; width: 100%;\" class=\"slide-5303 ms-image\" aria-roledescription=\"slide\" aria-label=\"slide-5303\"><img loading=\"lazy\" decoding=\"async\" src=\"https:\/\/www.liederkranz-ehningen.de\/wp-content\/uploads\/2026\/01\/IMG-20251123-WA0016-scaled-1100x550.jpg\" height=\"550\" width=\"1100\" alt=\"\" class=\"slider-5194 slide-5303\" title=\"IMG-20251123-WA0016\" \/><div class=\"caption-wrap\"><div class=\"caption\">Rockkonzert<\/div><\/div><\/li>\n                <li style=\"display: none; width: 100%;\" class=\"slide-5302 ms-image\" aria-roledescription=\"slide\" aria-label=\"slide-5302\"><img loading=\"lazy\" decoding=\"async\" src=\"https:\/\/www.liederkranz-ehningen.de\/wp-content\/uploads\/2026\/01\/IMG-20251124-WA0023-1100x550.jpg\" height=\"550\" width=\"1100\" alt=\"\" class=\"slider-5194 slide-5302\" title=\"IMG-20251124-WA0023\" \/><div class=\"caption-wrap\"><div class=\"caption\">Rockkonzert<\/div><\/div><\/li>\n                <li style=\"display: none; width: 100%;\" class=\"slide-5305 ms-image\" aria-roledescription=\"slide\" aria-label=\"slide-5305\"><img loading=\"lazy\" decoding=\"async\" src=\"https:\/\/www.liederkranz-ehningen.de\/wp-content\/uploads\/2026\/01\/IMG-20251122-WA0011-e1768063374607-1100x550.jpg\" height=\"550\" width=\"1100\" alt=\"\" class=\"slider-5194 slide-5305\" title=\"IMG-20251122-WA0011\" \/><div class=\"caption-wrap\"><div class=\"caption\">Rockkonzert<\/div><\/div><\/li>\n                <li style=\"display: none; width: 100%;\" class=\"slide-5301 ms-image\" aria-roledescription=\"slide\" aria-label=\"slide-5301\"><img loading=\"lazy\" decoding=\"async\" src=\"https:\/\/www.liederkranz-ehningen.de\/wp-content\/uploads\/2026\/01\/IMG-20251220-WA0015-scaled-1100x550.jpg\" height=\"550\" width=\"1100\" alt=\"\" class=\"slider-5194 slide-5301\" title=\"IMG-20251220-WA0015\" \/><div class=\"caption-wrap\"><div class=\"caption\">Weihnachsfeier TAKTVOLL<\/div><\/div><\/li>\n                <li style=\"display: none; width: 100%;\" class=\"slide-5300 ms-image\" aria-roledescription=\"slide\" aria-label=\"slide-5300\"><img loading=\"lazy\" decoding=\"async\" src=\"https:\/\/www.liederkranz-ehningen.de\/wp-content\/uploads\/2026\/01\/IMG-20251221-WA0128-1100x550.jpg\" height=\"550\" width=\"1100\" alt=\"\" class=\"slider-5194 slide-5300\" title=\"IMG-20251221-WA0128\" \/><div class=\"caption-wrap\"><div class=\"caption\">Nikolausi bei den c'OHRw\u00fcrmern<\/div><\/div><\/li>\n            <\/ul>\n        <\/div>\n        \n    <\/div>\n<\/div><\/div>\n","protected":false},"excerpt":{"rendered":"","protected":false},"author":1,"featured_media":0,"parent":0,"menu_order":0,"comment_status":"closed","ping_status":"closed","template":"","meta":{"ngg_post_thumbnail":0,"footnotes":""},"_links":{"self":[{"href":"https:\/\/www.liederkranz-ehningen.de\/index.php?rest_route=\/wp\/v2\/pages\/5330"}],"collection":[{"href":"https:\/\/www.liederkranz-ehningen.de\/index.php?rest_route=\/wp\/v2\/pages"}],"about":[{"href":"https:\/\/www.liederkranz-ehningen.de\/index.php?rest_route=\/wp\/v2\/types\/page"}],"author":[{"embeddable":true,"href":"https:\/\/www.liederkranz-ehningen.de\/index.php?rest_route=\/wp\/v2\/users\/1"}],"replies":[{"embeddable":true,"href":"https:\/\/www.liederkranz-ehningen.de\/index.php?rest_route=%2Fwp%2Fv2%2Fcomments&post=5330"}],"version-history":[{"count":1,"href":"https:\/\/www.liederkranz-ehningen.de\/index.php?rest_route=\/wp\/v2\/pages\/5330\/revisions"}],"predecessor-version":[{"id":5331,"href":"https:\/\/www.liederkranz-ehningen.de\/index.php?rest_route=\/wp\/v2\/pages\/5330\/revisions\/5331"}],"wp:attachment":[{"href":"https:\/\/www.liederkranz-ehningen.de\/index.php?rest_route=%2Fwp%2Fv2%2Fmedia&parent=5330"}],"curies":[{"name":"wp","href":"https:\/\/api.w.org\/{rel}","templated":true}]}}