{"id":4528,"date":"2022-09-11T10:01:54","date_gmt":"2022-09-11T09:01:54","guid":{"rendered":"https:\/\/www.liederkranz-ehningen.de\/?page_id=4528"},"modified":"2026-04-01T13:34:46","modified_gmt":"2026-04-01T12:34:46","slug":"wir-gruenden-einen-kinderchor","status":"publish","type":"page","link":"https:\/\/www.liederkranz-ehningen.de\/?page_id=4528","title":{"rendered":"c&#8217;OHRw\u00fcrmer"},"content":{"rendered":"<p>Der Kinderchor die c&#8217;OHRw\u00fcrmer wurde im Oktober 2022 neu gegr\u00fcndet und ist f\u00fcr Kinder ab sechs Jahren.<\/p>\n<p><img loading=\"lazy\" decoding=\"async\" class=\"alignnone  wp-image-4618\" src=\"https:\/\/www.liederkranz-ehningen.de\/wp-content\/uploads\/2022\/11\/cOHRwuermer_11-10-2016_final-FI-300x92.png\" alt=\"\" width=\"444\" height=\"136\" srcset=\"https:\/\/www.liederkranz-ehningen.de\/wp-content\/uploads\/2022\/11\/cOHRwuermer_11-10-2016_final-FI-300x92.png 300w, https:\/\/www.liederkranz-ehningen.de\/wp-content\/uploads\/2022\/11\/cOHRwuermer_11-10-2016_final-FI-1024x314.png 1024w, https:\/\/www.liederkranz-ehningen.de\/wp-content\/uploads\/2022\/11\/cOHRwuermer_11-10-2016_final-FI-768x235.png 768w, https:\/\/www.liederkranz-ehningen.de\/wp-content\/uploads\/2022\/11\/cOHRwuermer_11-10-2016_final-FI-1536x471.png 1536w, https:\/\/www.liederkranz-ehningen.de\/wp-content\/uploads\/2022\/11\/cOHRwuermer_11-10-2016_final-FI-2048x627.png 2048w\" sizes=\"(max-width: 444px) 100vw, 444px\" \/><\/p>\n<p>Nachdem wir die Gr\u00fcndung des Kinderchores wegen Corona um 2 Jahre verschieben mussten, starteten wir optimistisch mit 6 Kindern. Inzwischen singen ca. 40 junge begeisterte S\u00e4nger und S\u00e4ngerinnen bei den c&#8217;OHRw\u00fcrmern mit.<br \/>\nDas Repertoire ist vielf\u00e4ltig und reicht bis zu aktuellen Pop-Songs, die mit einer selbst ausgearbeiteten Choreographie pr\u00e4sentiert werden.&nbsp;<br \/>\nDie Begeisterung am Singen ist bei den Kindern schon nach den ersten Takten zu sp\u00fcren.<\/p>\n<p><strong>Chorleitung: <a href=\"https:\/\/www.liederkranz-ehningen.de\/?page_id=4960\">Fiona Illenseer<\/a><br \/>\nKontakt: illenseer.chor@gmail.com<\/strong><\/p>\n<p><strong>Probentermine:<\/strong><br \/>\njeweils<strong>&nbsp;donnerstags&nbsp;<\/strong>von<strong> 17.00 \u2013 18.00 Uhr<\/strong><br \/>\nim Probenraum der Fron\u00e4ckerschule, 71139 Ehningen, Gartenstra\u00dfe 11<\/p>\n<p>Hier geht&#8217;s zur <a href=\"https:\/\/www.liederkranz-ehningen.de\/?page_id=34\">Mitgliedsschaft<\/a>&nbsp;!<\/p>\n","protected":false},"excerpt":{"rendered":"<p>Der Kinderchor die c&#8217;OHRw\u00fcrmer wurde im Oktober 2022 neu gegr\u00fcndet und ist f\u00fcr Kinder ab sechs Jahren. Nachdem wir die Gr\u00fcndung des Kinderchores wegen Corona um 2 Jahre verschieben mussten, starteten wir optimistisch mit 6 Kindern. Inzwischen singen ca. 40 junge begeisterte S\u00e4nger und S\u00e4ngerinnen bei den c&#8217;OHRw\u00fcrmern mit. Das Repertoire ist vielf\u00e4ltig und reicht &#8230; <a title=\"c&#8217;OHRw\u00fcrmer\" class=\"read-more\" href=\"https:\/\/www.liederkranz-ehningen.de\/?page_id=4528\" aria-label=\"Mehr dazu unter c&#8217;OHRw\u00fcrmer\">Weiterlesen<\/a><\/p>\n","protected":false},"author":1,"featured_media":0,"parent":0,"menu_order":0,"comment_status":"closed","ping_status":"closed","template":"","meta":{"ngg_post_thumbnail":0,"footnotes":""},"_links":{"self":[{"href":"https:\/\/www.liederkranz-ehningen.de\/index.php?rest_route=\/wp\/v2\/pages\/4528"}],"collection":[{"href":"https:\/\/www.liederkranz-ehningen.de\/index.php?rest_route=\/wp\/v2\/pages"}],"about":[{"href":"https:\/\/www.liederkranz-ehningen.de\/index.php?rest_route=\/wp\/v2\/types\/page"}],"author":[{"embeddable":true,"href":"https:\/\/www.liederkranz-ehningen.de\/index.php?rest_route=\/wp\/v2\/users\/1"}],"replies":[{"embeddable":true,"href":"https:\/\/www.liederkranz-ehningen.de\/index.php?rest_route=%2Fwp%2Fv2%2Fcomments&post=4528"}],"version-history":[{"count":9,"href":"https:\/\/www.liederkranz-ehningen.de\/index.php?rest_route=\/wp\/v2\/pages\/4528\/revisions"}],"predecessor-version":[{"id":5360,"href":"https:\/\/www.liederkranz-ehningen.de\/index.php?rest_route=\/wp\/v2\/pages\/4528\/revisions\/5360"}],"wp:attachment":[{"href":"https:\/\/www.liederkranz-ehningen.de\/index.php?rest_route=%2Fwp%2Fv2%2Fmedia&parent=4528"}],"curies":[{"name":"wp","href":"https:\/\/api.w.org\/{rel}","templated":true}]}}

c&#8217;OHRwürmer

<p>Der Kinderchor die c&#8217;OHRwürmer wurde im Oktober 2022 neu gegründet und ist für Kinder ab sechs Jahren.</p>
<p><img loading="lazy" decoding="async" class="alignnone  wp-image-4618" src="https://www.liederkranz-ehningen.de/wp-content/uploads/2022/11/cOHRwuermer_11-10-2016_final-FI-300x92.png" alt="" width="444" height="136" srcset="https://www.liederkranz-ehningen.de/wp-content/uploads/2022/11/cOHRwuermer_11-10-2016_final-FI-300x92.png 300w, https://www.liederkranz-ehningen.de/wp-content/uploads/2022/11/cOHRwuermer_11-10-2016_final-FI-1024x314.png 1024w, https://www.liederkranz-ehningen.de/wp-content/uploads/2022/11/cOHRwuermer_11-10-2016_final-FI-768x235.png 768w, https://www.liederkranz-ehningen.de/wp-content/uploads/2022/11/cOHRwuermer_11-10-2016_final-FI-1536x471.png 1536w, https://www.liederkranz-ehningen.de/wp-content/uploads/2022/11/cOHRwuermer_11-10-2016_final-FI-2048x627.png 2048w" sizes="(max-width: 444px) 100vw, 444px" /></p>
<p>Nachdem wir die Gründung des Kinderchores wegen Corona um 2 Jahre verschieben mussten, starteten wir optimistisch mit 6 Kindern. Inzwischen singen ca. 40 junge begeisterte Sänger und Sängerinnen bei den c&#8217;OHRwürmern mit.<br />
Das Repertoire ist vielfältig und reicht bis zu aktuellen Pop-Songs, die mit einer selbst ausgearbeiteten Choreographie präsentiert werden.&nbsp;<br />
Die Begeisterung am Singen ist bei den Kindern schon nach den ersten Takten zu spüren.</p>
<p><strong>Chorleitung: <a href="https://www.liederkranz-ehningen.de/?page_id=4960">Fiona Illenseer</a><br />
Kontakt: illenseer.chor@gmail.com</strong></p>
<p><strong>Probentermine:</strong><br />
jeweils<strong>&nbsp;donnerstags&nbsp;</strong>von<strong> 17.00 – 18.00 Uhr</strong><br />
im Probenraum der Fronäckerschule, 71139 Ehningen, Gartenstraße 11</p>
<p>Hier geht&#8217;s zur <a href="https://www.liederkranz-ehningen.de/?page_id=34">Mitgliedsschaft</a>&nbsp;!</p>

<p>Der Kinderchor die c&#8217;OHRwürmer wurde im Oktober 2022 neu gegründet und ist für Kinder ab sechs Jahren. Nachdem wir die Gründung des Kinderchores wegen Corona um 2 Jahre verschieben mussten, starteten wir optimistisch mit 6 Kindern. Inzwischen singen ca. 40 junge begeisterte Sänger und Sängerinnen bei den c&#8217;OHRwürmern mit. Das Repertoire ist vielfältig und reicht &#8230; <a title="c&#8217;OHRwürmer" class="read-more" href="https://www.liederkranz-ehningen.de/?page_id=4528" aria-label="Mehr dazu unter c&#8217;OHRwürmer">Weiterlesen</a></p>
