{"id":27,"date":"2015-01-29T12:40:08","date_gmt":"2015-01-29T11:40:08","guid":{"rendered":"http:\/\/wordpress.liederkranz-ehningen.de\/?page_id=27"},"modified":"2025-08-03T10:46:12","modified_gmt":"2025-08-03T09:46:12","slug":"vorstand","status":"publish","type":"page","link":"https:\/\/www.liederkranz-ehningen.de\/?page_id=27","title":{"rendered":"Vorstand"},"content":{"rendered":"<h3><strong>Der Vorstand des LIEDERKRANZ EHNINGEN e.V.<\/strong><\/h3>\n<table>\n<tbody>\n<tr>\n<td width=\"154\"><a href=\"http:\/\/www.liederkranz-ehningen.de\/wp-content\/uploads\/2018\/04\/Klinger-Manfred-2.jpg\"><img loading=\"lazy\" decoding=\"async\" class=\"alignleft wp-image-316 size-thumbnail\" src=\"http:\/\/www.liederkranz-ehningen.de\/wp-content\/uploads\/2018\/04\/Klinger-Manfred-2-150x150.jpg\" alt=\"Portrait Manfred Klinger, Vorstand Liederkranz Ehningen\" width=\"150\" height=\"150\"><\/a><em>Manfred Klinger<\/em>&nbsp; &nbsp; &nbsp;<em style=\"font-size: inherit; font-family: inherit; font-weight: inherit;\">Vorsitzender<\/em><\/td>\n<td width=\"154\"><a href=\"http:\/\/www.liederkranz-ehningen.de\/wp-content\/uploads\/2018\/04\/IMGP9647-1.jpg\"><img loading=\"lazy\" decoding=\"async\" class=\"alignleft wp-image-319 size-thumbnail\" src=\"http:\/\/www.liederkranz-ehningen.de\/wp-content\/uploads\/2018\/04\/IMGP9647-1-150x150.jpg\" alt=\"Portrait Carmen Hartmann, stellvertretende Liederkranz Ehningen\" width=\"150\" height=\"200\"><\/a><em>Carmen Hartmann <\/em><em>Vorsitzende<\/em><\/td>\n<td width=\"154\"><em><img loading=\"lazy\" decoding=\"async\" class=\"alignleft wp-image-3967 \" src=\"https:\/\/www.liederkranz-ehningen.de\/wp-content\/uploads\/2019\/04\/20161021_153342-P-150x150.jpg\" alt=\"Portrait Christel Gorhan\" width=\"145\" height=\"145\"><\/em><em>Christel Stoll<br \/>\nKassenf\u00fchrerin<\/em><\/td>\n<td width=\"154\"><em><img loading=\"lazy\" decoding=\"async\" class=\"alignnone  wp-image-5135\" src=\"https:\/\/www.liederkranz-ehningen.de\/wp-content\/uploads\/2025\/08\/Bild-Georg-Portrait-240x300.jpg\" alt=\"\" width=\"126\" height=\"158\" srcset=\"https:\/\/www.liederkranz-ehningen.de\/wp-content\/uploads\/2025\/08\/Bild-Georg-Portrait-240x300.jpg 240w, https:\/\/www.liederkranz-ehningen.de\/wp-content\/uploads\/2025\/08\/Bild-Georg-Portrait-820x1024.jpg 820w, https:\/\/www.liederkranz-ehningen.de\/wp-content\/uploads\/2025\/08\/Bild-Georg-Portrait-768x959.jpg 768w, https:\/\/www.liederkranz-ehningen.de\/wp-content\/uploads\/2025\/08\/Bild-Georg-Portrait.jpg 1039w\" sizes=\"(max-width: 126px) 100vw, 126px\" \/>Georg V\u00f6lker <\/em><em>Schriftf\u00fchrer<\/em><\/td>\n<\/tr>\n<\/tbody>\n<\/table>\n<h4>&nbsp;<\/h4>\n<table style=\"height: 594px;\" width=\"477\">\n<tbody>\n<tr>\n<td width=\"154\"><em>Doris Schulz-Kleyenst\u00fcber<a href=\"http:\/\/liederkranz-ehningen.de\/wp-content\/uploads\/2015\/04\/Vorstand_Portrait_Schulz-Kleyenstueber-Doris.jpg\"><img loading=\"lazy\" decoding=\"async\" class=\"alignleft wp-image-315 size-thumbnail\" src=\"http:\/\/www.liederkranz-ehningen.de\/wp-content\/uploads\/2015\/04\/Vorstand_Portrait_Schulz-Kleyenstueber-Doris-150x150.jpg\" alt=\"Portrait Doris Schulz-Kleyenst\u00fcber, Beisitzerin Liederkranz Ehningen\" width=\"150\" height=\"150\"><\/a><\/em><\/td>\n<td style=\"text-align: left;\" width=\"154\"><em>Roland&nbsp; Hoffmann<br \/>\n<img loading=\"lazy\" decoding=\"async\" class=\"alignnone  wp-image-4874\" src=\"https:\/\/www.liederkranz-ehningen.de\/wp-content\/uploads\/2024\/03\/Roland-Web.jpg\" alt=\"\" width=\"97\" height=\"148\"><br \/>\n<\/em><\/td>\n<td width=\"154\">&nbsp;<\/p>\n<p style=\"text-align: left;\"><em>Meinhard Lutsch<\/em><em><img loading=\"lazy\" decoding=\"async\" class=\"wp-image-4914 aligncenter\" src=\"https:\/\/www.liederkranz-ehningen.de\/wp-content\/uploads\/2024\/07\/20240723_MHA-mBr_Brust-laecheln1-234x300.jpg\" alt=\"\" width=\"128\" height=\"164\" srcset=\"https:\/\/www.liederkranz-ehningen.de\/wp-content\/uploads\/2024\/07\/20240723_MHA-mBr_Brust-laecheln1-234x300.jpg 234w, https:\/\/www.liederkranz-ehningen.de\/wp-content\/uploads\/2024\/07\/20240723_MHA-mBr_Brust-laecheln1-798x1024.jpg 798w, https:\/\/www.liederkranz-ehningen.de\/wp-content\/uploads\/2024\/07\/20240723_MHA-mBr_Brust-laecheln1-768x986.jpg 768w, https:\/\/www.liederkranz-ehningen.de\/wp-content\/uploads\/2024\/07\/20240723_MHA-mBr_Brust-laecheln1-1196x1536.jpg 1196w, https:\/\/www.liederkranz-ehningen.de\/wp-content\/uploads\/2024\/07\/20240723_MHA-mBr_Brust-laecheln1-1595x2048.jpg 1595w, https:\/\/www.liederkranz-ehningen.de\/wp-content\/uploads\/2024\/07\/20240723_MHA-mBr_Brust-laecheln1-scaled.jpg 1994w\" sizes=\"(max-width: 128px) 100vw, 128px\" \/><br \/>\n<\/em><\/p>\n<\/td>\n<\/tr>\n<tr>\n<td width=\"154\"><em>Katja Schaible<a href=\"http:\/\/www.liederkranz-ehningen.de\/wp-content\/uploads\/2018\/04\/Katja-2018.jpg\"><img loading=\"lazy\" decoding=\"async\" class=\"alignleft wp-image-314 size-thumbnail\" src=\"http:\/\/www.liederkranz-ehningen.de\/wp-content\/uploads\/2018\/04\/Katja-2018-150x150.jpg\" alt=\"Portrait Katja Schaible, Beisitzerin Liederkranz Ehningen\" width=\"150\" height=\"150\"><\/a><\/em><\/td>\n<td width=\"154\"><em>Silvia Dieken<img loading=\"lazy\" decoding=\"async\" class=\"alignleft wp-image-4225 size-thumbnail\" src=\"https:\/\/www.liederkranz-ehningen.de\/wp-content\/uploads\/2020\/10\/Dieken-Silvia-150x150.jpg\" alt=\"\" width=\"150\" height=\"150\"><\/em><\/td>\n<td width=\"154\">&nbsp;Anja<\/td>\n<\/tr>\n<\/tbody>\n<\/table>\n<h4>&nbsp;<\/h4>\n<table style=\"height: 399px;\" width=\"947\">\n<tbody>\n<tr>\n<td width=\"148\"><strong>Vereinsadresse<\/strong><\/td>\n<td width=\"272\">Liederkranz Ehningen e.V.<br \/>\nGartenstra\u00dfe 11<br \/>\n71139 Ehningen<\/td>\n<\/tr>\n<tr>\n<td width=\"148\"><strong>Kontaktadressen<\/strong><\/td>\n<td width=\"272\">Manfred Klinger<br \/>\nWeinbergweg 13<br \/>\n71139 Ehningen<br \/>\nTelefon:&nbsp; 0176 42639904 eMail: <a href=\"mailto:manfredk.lke@outlook.com\">manfredk.lke@outlook.com<\/a><br \/>\nCarmen Hartmann<br \/>\nWeinbergweg 11<br \/>\n71139 Ehningen<br \/>\nTelefon:&nbsp; 07034\/31324 eMail: <a href=\"mailto:carmen.chor@online.de\">carmen.chor@online.de<\/a><\/td>\n<\/tr>\n<\/tbody>\n<\/table>\n<p>Download Aufnahmeantrag als PDF: Antrag Mitgliedschaft Liederkranz Ehningen<\/p>\n<p>&nbsp;<\/p>\n","protected":false},"excerpt":{"rendered":"<p>Der Vorstand des LIEDERKRANZ EHNINGEN e.V. Manfred Klinger&nbsp; &nbsp; &nbsp;Vorsitzender Carmen Hartmann Vorsitzende Christel Stoll Kassenf\u00fchrerin Georg V\u00f6lker Schriftf\u00fchrer &nbsp; Doris Schulz-Kleyenst\u00fcber Roland&nbsp; Hoffmann &nbsp; Meinhard Lutsch Katja Schaible Silvia Dieken &nbsp;Anja &nbsp; Vereinsadresse Liederkranz Ehningen e.V. Gartenstra\u00dfe 11 71139 Ehningen Kontaktadressen Manfred Klinger Weinbergweg 13 71139 Ehningen Telefon:&nbsp; 0176 42639904 eMail: manfredk.lke@outlook.com Carmen Hartmann &#8230; <a title=\"Vorstand\" class=\"read-more\" href=\"https:\/\/www.liederkranz-ehningen.de\/?page_id=27\" aria-label=\"Mehr dazu unter Vorstand\">Weiterlesen<\/a><\/p>\n","protected":false},"author":1,"featured_media":0,"parent":0,"menu_order":0,"comment_status":"closed","ping_status":"closed","template":"","meta":{"ngg_post_thumbnail":0,"footnotes":""},"_links":{"self":[{"href":"https:\/\/www.liederkranz-ehningen.de\/index.php?rest_route=\/wp\/v2\/pages\/27"}],"collection":[{"href":"https:\/\/www.liederkranz-ehningen.de\/index.php?rest_route=\/wp\/v2\/pages"}],"about":[{"href":"https:\/\/www.liederkranz-ehningen.de\/index.php?rest_route=\/wp\/v2\/types\/page"}],"author":[{"embeddable":true,"href":"https:\/\/www.liederkranz-ehningen.de\/index.php?rest_route=\/wp\/v2\/users\/1"}],"replies":[{"embeddable":true,"href":"https:\/\/www.liederkranz-ehningen.de\/index.php?rest_route=%2Fwp%2Fv2%2Fcomments&post=27"}],"version-history":[{"count":119,"href":"https:\/\/www.liederkranz-ehningen.de\/index.php?rest_route=\/wp\/v2\/pages\/27\/revisions"}],"predecessor-version":[{"id":5137,"href":"https:\/\/www.liederkranz-ehningen.de\/index.php?rest_route=\/wp\/v2\/pages\/27\/revisions\/5137"}],"wp:attachment":[{"href":"https:\/\/www.liederkranz-ehningen.de\/index.php?rest_route=%2Fwp%2Fv2%2Fmedia&parent=27"}],"curies":[{"name":"wp","href":"https:\/\/api.w.org\/{rel}","templated":true}]}}

<h3><strong>Der Vorstand des LIEDERKRANZ EHNINGEN e.V.</strong></h3>
<table>
<tbody>
<tr>
<td width="154"><a href="http://www.liederkranz-ehningen.de/wp-content/uploads/2018/04/Klinger-Manfred-2.jpg"><img loading="lazy" decoding="async" class="alignleft wp-image-316 size-thumbnail" src="http://www.liederkranz-ehningen.de/wp-content/uploads/2018/04/Klinger-Manfred-2-150x150.jpg" alt="Portrait Manfred Klinger, Vorstand Liederkranz Ehningen" width="150" height="150"></a><em>Manfred Klinger</em>&nbsp; &nbsp; &nbsp;<em style="font-size: inherit; font-family: inherit; font-weight: inherit;">Vorsitzender</em></td>
<td width="154"><a href="http://www.liederkranz-ehningen.de/wp-content/uploads/2018/04/IMGP9647-1.jpg"><img loading="lazy" decoding="async" class="alignleft wp-image-319 size-thumbnail" src="http://www.liederkranz-ehningen.de/wp-content/uploads/2018/04/IMGP9647-1-150x150.jpg" alt="Portrait Carmen Hartmann, stellvertretende Liederkranz Ehningen" width="150" height="200"></a><em>Carmen Hartmann </em><em>Vorsitzende</em></td>
<td width="154"><em><img loading="lazy" decoding="async" class="alignleft wp-image-3967 " src="https://www.liederkranz-ehningen.de/wp-content/uploads/2019/04/20161021_153342-P-150x150.jpg" alt="Portrait Christel Gorhan" width="145" height="145"></em><em>Christel Stoll<br />
Kassenführerin</em></td>
<td width="154"><em><img loading="lazy" decoding="async" class="alignnone  wp-image-5135" src="https://www.liederkranz-ehningen.de/wp-content/uploads/2025/08/Bild-Georg-Portrait-240x300.jpg" alt="" width="126" height="158" srcset="https://www.liederkranz-ehningen.de/wp-content/uploads/2025/08/Bild-Georg-Portrait-240x300.jpg 240w, https://www.liederkranz-ehningen.de/wp-content/uploads/2025/08/Bild-Georg-Portrait-820x1024.jpg 820w, https://www.liederkranz-ehningen.de/wp-content/uploads/2025/08/Bild-Georg-Portrait-768x959.jpg 768w, https://www.liederkranz-ehningen.de/wp-content/uploads/2025/08/Bild-Georg-Portrait.jpg 1039w" sizes="(max-width: 126px) 100vw, 126px" />Georg Völker </em><em>Schriftführer</em></td>
</tr>
</tbody>
</table>
<h4>&nbsp;</h4>
<table style="height: 594px;" width="477">
<tbody>
<tr>
<td width="154"><em>Doris Schulz-Kleyenstüber<a href="http://liederkranz-ehningen.de/wp-content/uploads/2015/04/Vorstand_Portrait_Schulz-Kleyenstueber-Doris.jpg"><img loading="lazy" decoding="async" class="alignleft wp-image-315 size-thumbnail" src="http://www.liederkranz-ehningen.de/wp-content/uploads/2015/04/Vorstand_Portrait_Schulz-Kleyenstueber-Doris-150x150.jpg" alt="Portrait Doris Schulz-Kleyenstüber, Beisitzerin Liederkranz Ehningen" width="150" height="150"></a></em></td>
<td style="text-align: left;" width="154"><em>Roland&nbsp; Hoffmann<br />
<img loading="lazy" decoding="async" class="alignnone  wp-image-4874" src="https://www.liederkranz-ehningen.de/wp-content/uploads/2024/03/Roland-Web.jpg" alt="" width="97" height="148"><br />
</em></td>
<td width="154">&nbsp;</p>
<p style="text-align: left;"><em>Meinhard Lutsch</em><em><img loading="lazy" decoding="async" class="wp-image-4914 aligncenter" src="https://www.liederkranz-ehningen.de/wp-content/uploads/2024/07/20240723_MHA-mBr_Brust-laecheln1-234x300.jpg" alt="" width="128" height="164" srcset="https://www.liederkranz-ehningen.de/wp-content/uploads/2024/07/20240723_MHA-mBr_Brust-laecheln1-234x300.jpg 234w, https://www.liederkranz-ehningen.de/wp-content/uploads/2024/07/20240723_MHA-mBr_Brust-laecheln1-798x1024.jpg 798w, https://www.liederkranz-ehningen.de/wp-content/uploads/2024/07/20240723_MHA-mBr_Brust-laecheln1-768x986.jpg 768w, https://www.liederkranz-ehningen.de/wp-content/uploads/2024/07/20240723_MHA-mBr_Brust-laecheln1-1196x1536.jpg 1196w, https://www.liederkranz-ehningen.de/wp-content/uploads/2024/07/20240723_MHA-mBr_Brust-laecheln1-1595x2048.jpg 1595w, https://www.liederkranz-ehningen.de/wp-content/uploads/2024/07/20240723_MHA-mBr_Brust-laecheln1-scaled.jpg 1994w" sizes="(max-width: 128px) 100vw, 128px" /><br />
</em></p>
</td>
</tr>
<tr>
<td width="154"><em>Katja Schaible<a href="http://www.liederkranz-ehningen.de/wp-content/uploads/2018/04/Katja-2018.jpg"><img loading="lazy" decoding="async" class="alignleft wp-image-314 size-thumbnail" src="http://www.liederkranz-ehningen.de/wp-content/uploads/2018/04/Katja-2018-150x150.jpg" alt="Portrait Katja Schaible, Beisitzerin Liederkranz Ehningen" width="150" height="150"></a></em></td>
<td width="154"><em>Silvia Dieken<img loading="lazy" decoding="async" class="alignleft wp-image-4225 size-thumbnail" src="https://www.liederkranz-ehningen.de/wp-content/uploads/2020/10/Dieken-Silvia-150x150.jpg" alt="" width="150" height="150"></em></td>
<td width="154">&nbsp;Anja</td>
</tr>
</tbody>
</table>
<h4>&nbsp;</h4>
<table style="height: 399px;" width="947">
<tbody>
<tr>
<td width="148"><strong>Vereinsadresse</strong></td>
<td width="272">Liederkranz Ehningen e.V.<br />
Gartenstraße 11<br />
71139 Ehningen</td>
</tr>
<tr>
<td width="148"><strong>Kontaktadressen</strong></td>
<td width="272">Manfred Klinger<br />
Weinbergweg 13<br />
71139 Ehningen<br />
Telefon:&nbsp; 0176 42639904 eMail: <a href="mailto:manfredk.lke@outlook.com">manfredk.lke@outlook.com</a><br />
Carmen Hartmann<br />
Weinbergweg 11<br />
71139 Ehningen<br />
Telefon:&nbsp; 07034/31324 eMail: <a href="mailto:carmen.chor@online.de">carmen.chor@online.de</a></td>
</tr>
</tbody>
</table>
<p>Download Aufnahmeantrag als PDF: Antrag Mitgliedschaft Liederkranz Ehningen</p>
<p>&nbsp;</p>

<p>Der Vorstand des LIEDERKRANZ EHNINGEN e.V. Manfred Klinger&nbsp; &nbsp; &nbsp;Vorsitzender Carmen Hartmann Vorsitzende Christel Stoll Kassenführerin Georg Völker Schriftführer &nbsp; Doris Schulz-Kleyenstüber Roland&nbsp; Hoffmann &nbsp; Meinhard Lutsch Katja Schaible Silvia Dieken &nbsp;Anja &nbsp; Vereinsadresse Liederkranz Ehningen e.V. Gartenstraße 11 71139 Ehningen Kontaktadressen Manfred Klinger Weinbergweg 13 71139 Ehningen Telefon:&nbsp; 0176 42639904 eMail: manfredk.lke@outlook.com Carmen Hartmann &#8230; <a title="Vorstand" class="read-more" href="https://www.liederkranz-ehningen.de/?page_id=27" aria-label="Mehr dazu unter Vorstand">Weiterlesen</a></p>
